 5. Let b(u) = -5*u. Let a be b(y). Suppose -s + a = 4. Calculate the greatest common divisor of 7 and s.
1
Let v(q) = -2*q**2 - q + 1. Let u be v(1). Let l be u*((-47)/(-2))/(-1). Suppose 0 = 2*b - 311 + l. What is the highest common factor of 12 and b?
12
Suppose 64*p - 60*p + 2*t - 520 = 0, -p - t + 132 = 0. What is the highest common divisor of p and 120?
8
Let d = 2151 - 2127. What is the greatest common factor of 108 and d?
12
Let l(x) = -2*x**3 - 2*x**2 + 5*x + 8. Let r be l(-4). Let i be 337/6 + 8/(-48). What is the highest common divisor of r and i?
28
Suppose -3*v + 7 = -8. Suppose -3*a + 22 = -v*h, -2*h + 7 - 18 = a. Let l be 46/6 - a/3. Calculate the highest common factor of 8 and l.
8
Let m(a) = 15*a + 10. Let f be m(5). Let y = -42 - -18. Let n be (-402)/y - (-3)/12. Calculate the greatest common factor of n and f.
17
Suppose -225 - 203 = -3*m - 2*p, -5*m + 720 = 5*p. Calculate the greatest common factor of 28 and m.
28
Suppose -116*u + 26 = -103*u. Let d(s) = s**3 + s**2 - 4*s. Let c be d(3). What is the highest common divisor of c and u?
2
Let p be (-2)/4 + 2159/34. Let q = p - 33. Let b(d) = 8*d + 5. Let n be b(5). Calculate the greatest common divisor of n and q.
15
Let i(l) = -2*l + 15. Let j be i(6). Suppose 38 - 5 = j*m. What is the highest common divisor of 121 and m?
11
Let p(r) = 18*r**2 - 24*r - 16. Let u be p(4). What is the highest common divisor of 2376 and u?
88
Suppose -77 = y - 113. What is the greatest common factor of 156 and y?
12
Suppose 3*q = -2*a + 13, 5*a + 7*q - 45 = 12*q. Calculate the highest common factor of 2128 and a.
8
Let w = 6018 + -3840. What is the greatest common divisor of 11 and w?
11
Suppose -8 = 4*r, 343 = 3*g + 5*r - 130. What is the greatest common factor of g and 14?
7
Suppose 5*o - 145 = 4*q - 27, 84 = 4*o + 2*q. Let c(r) = -r**3 - 4*r**2 + 2*r - 5. Let m be c(-6). What is the highest common factor of o and m?
11
Let p(q) = q**3 - 4*q**2 + 9*q - 15. Let n be p(3). Suppose k - 4*m = 8, 2*k - 4*k + 27 = n*m. What is the greatest common factor of k and 12?
12
Suppose 25*h + 101 = 51. Suppose 0*o - 792 = -o. Let m be ((-1)/h)/(3/o). Calculate the greatest common divisor of 33 and m.
33
Let g = -9 + 60. Suppose 4*v = 5*s + 116, -8*v + 12*v + 3*s = 148. Calculate the greatest common factor of g and v.
17
Suppose -3 - 3 = -3*v. Let l = -40 - -51. Suppose r - 3 = l. What is the greatest common divisor of v and r?
2
Let b = 32 + -18. What is the highest common divisor of b and 70?
14
Let o be 75/12 + (-10)/8. Suppose 0 = o*g + 57 - 257. Calculate the highest common divisor of 10 and g.
10
Suppose 3*u + 12 = -j, 75 = -3*j + u + 29. Let i be (16 + j)/(2/(-6)). Let g be (-98)/(-8) - i/4. Calculate the highest common divisor of 13 and g.
13
Suppose 0 = -5*i + 67 + 428. Suppose -5*p - 3*g + 40 = 0, -2*g - 36 - 18 = -4*p. Calculate the highest common divisor of i and p.
11
Let r(g) = 85*g - 83. Let d be r(1). Calculate the highest common factor of 26 and d.
2
Suppose -4*d + 784 = -4*c, -5*d - 13*c + 14*c = -980. Calculate the greatest common factor of 1 and d.
1
Suppose 0 = 3*p - 4*y - 2 + 20, 5*p + 56 = -2*y. Let j = p + 11. Calculate the greatest common divisor of 3 and j.
1
Suppose 86*i + 37 = o + 84*i, 133 = 4*o - 5*i. Calculate the highest common factor of 1161 and o.
27
Let a be -10*(-2 + 4 + -9 + 4). Calculate the greatest common factor of 50 and a.
10
Suppose x - 50 = -34. Let u = 210 + 257. Let p = u - 291. Calculate the greatest common factor of p and x.
16
Let m = -342 + 350. What is the greatest common divisor of 9 and m?
1
Suppose 15*k = 19*k - 12. Calculate the highest common factor of k and 2.
1
Let w(k) = 27*k - 4. Let s = 10 + -9. Let r be w(s). Calculate the greatest common factor of 161 and r.
23
Let s = -1455 + 1511. What is the greatest common factor of s and 91?
7
Let y be 90/27*-6*6/(-4). Calculate the greatest common divisor of 390 and y.
30
Let u(j) = -27*j + 4. Let q be u(-3). Suppose -3*d - r - 7 = -q, -5*r - 130 = -5*d. What is the greatest common divisor of 208 and d?
26
Suppose -4*k = -4 - 36. Let x = 12 - 8. Calculate the greatest common divisor of k and x.
2
Let d be (-2 + 5/(-15))*(-3 + 0). Let m(r) = r**2 - 4*r - 15. Let a be m(d). What is the greatest common factor of a and 18?
6
Let m be (-12*1/2)/((-4)/(-6)). Let y be m/(138/(-252) - (-2)/6). What is the greatest common divisor of y and 105?
21
Let d(y) = 9*y**2 - 15*y - 14. Let l be d(-11). Let m be l/(-72) - (-4)/18. Let u = 34 + m. What is the highest common divisor of 153 and u?
17
Let k(l) = 36*l**2 + 1. Let x be k(-2). Suppose 0 = -4*d + 4*h + h + 186, 3*d - h - x = 0. Suppose a + 4*a = 35. What is the greatest common divisor of d and a?
7
Let m = -7 - -13. Suppose -3*c - 6 - m = 0. Let x(a) = a**3 + 4*a**2 - 3*a - 2. Let j be x(c). Calculate the greatest common factor of 40 and j.
10
Let x be (-3 + -4)*(-12)/28. Suppose 0 = -v - x*j + 27, 0*v + 4*j - 86 = -3*v. Calculate the greatest common divisor of v and 6.
6
Let q = -775 - -855. Let u = 22 - -26. What is the greatest common factor of u and q?
16
Suppose 3*i - 23 = -2*j - 4, j + 18 = 4*i. Let o be 17 + -4*i/10. Let s(g) = 2*g**2 + 2. Let t be s(-2). Calculate the greatest common divisor of o and t.
5
Suppose 0*j = -2*j - 4*i - 4, 2*i + 6 = 0. Let w be ((-24)/16)/((-3)/j). Let k be (-15)/(-3)*w + -2. What is the highest common factor of 88 and k?
8
Let f be (-14)/42*(-8 - (-1 + 2)). Suppose m = f*d + 2*m - 632, 0 = -d - 3*m + 224. What is the highest common factor of 19 and d?
19
Let t be 1/((-32)/(-336)*7/24). Calculate the highest common factor of 60 and t.
12
Let z(i) = i - 18. Let b be z(-6). Let k be 0/4 - b/4. Calculate the highest common divisor of 30 and k.
6
Suppose -2*y + 44 = 2*i, 5*i + 2*y = 2*i + 62. Suppose -47 = 3*o - 182. Calculate the highest common divisor of o and i.
9
Suppose q = 5*a - 17, -2*a + 20 = -0*q + 4*q. Let o(g) = g**3 - g**2 + 2. Let l be o(q). What is the highest common factor of 70 and l?
10
Suppose 3*s + 2*j = -43, -5*s - j = -6*j + 55. Let i = 0 - s. Let w be 0/(-2) + 234/6. Calculate the greatest common factor of i and w.
13
Let z(o) = 5*o**2 - 20*o + 9. Let j be z(7). Calculate the greatest common factor of j and 57.
57
Suppose -1306 = -5*k + f, -f + 948 = 3*k + 166. Suppose -3*h - 399 = -6*h + 3*s, 2*h + 3*s - k = 0. What is the highest common factor of 12 and h?
12
Suppose 2*w + 60 = 3*w. Let x(l) = 19*l**2 - 31*l - 2. Let n be x(2). What is the highest common factor of n and w?
12
Suppose -53 = -2*d - 1. Let j = d + -21. Calculate the highest common divisor of j and 35.
5
Suppose -12*l + 8*l = 92. Let x = -9 - l. What is the greatest common factor of 7 and x?
7
Suppose -7*u + 136 = 10*u. What is the greatest common factor of u and 104?
8
Let l(m) = 11*m - 45*m - 2*m**3 + 12*m - 7 + 15*m - 5*m**2. Let d be l(-3). Calculate the greatest common factor of 46 and d.
23
Suppose 5 = 4*q - 3. Suppose -20 = -z + 6*z, -z = -q*l + 180. Let v be -2 + (-20)/(-9) - (-280)/36. What is the greatest common divisor of v and l?
8
Suppose 11*p - 750 = 1065. What is the highest common factor of p and 30?
15
Suppose 2*r - 3*r + 1 = 2*g, 4*g + 16 = 0. Let n = -14 - -22. Let y = r - n. What is the greatest common factor of y and 3?
1
Suppose -37*p + 20*p = -153. Let s(b) = 6*b**2 - 7*b - 5. Let l be s(6). Let v = l - 88. What is the highest common divisor of p and v?
9
Suppose -4*g + 25 = -2*s - 43, 0 = 5*s + 20. Let l = 28 - -150. Let y = l + -118. What is the greatest common divisor of g and y?
15
Suppose -576 = 36*a - 42*a. Calculate the greatest common factor of 6 and a.
6
Suppose 4*h - 12 = h + 2*l, 0 = 3*h - l - 12. Suppose -3*z = -23 - h. What is the greatest common divisor of z and 27?
9
Let n(y) = 2*y**2 + 97*y + 349. Let s be n(-45). Calculate the greatest common factor of 2 and s.
2
Suppose -3*f - 387 = 4*s - 6*f, -5*s + 5*f - 490 = 0. Let w = s - -165. Calculate the greatest common factor of 9 and w.
9
Let a(w) = w**2 + 6*w + 1. Let m be a(-4). Let s = m + 7. Let z(h) = -h + 7. Let x be z(s). Calculate the greatest common factor of x and 35.
7
Let l be 49 + 4*(-4)/(-16). Suppose 2 + l = 2*r. What is the highest common factor of 39 and r?
13
Suppose -2*a + 4*t + 16 = 0, -4*t - 32 = -2*a - a. Let v be 14 + (1 - 2)/(2/(-4)). S